 + 12. Let v(u) = 8*l(u) + 5*m(u). Let q be (-2)/(-4)*22/(-1). Let h = 8 + q. Give v(h).
-7
Let b(q) = -q**3 - 22*q**2 + 27*q + 79. Let r be b(-23). Let s(o) = 5*o + 5. Determine s(r).
-60
Let p(t) be the second derivative of -t**4/12 + 7*t**3/6 - 5*t**2/2 + t. Let a = 32 - 22. Suppose s - a = -2*v, 2*v + 2*s - 5 = 7. Determine p(v).
7
Let w(j) = -9*j + 403*j**2 + 16 - 808*j**2 + 0*j + 404*j**2. Calculate w(-14).
-54
Let v(s) = 2 - s - 6 - 2*s. Suppose 2*x - 249 + 259 = 0, -2*x = 3*a + 22. Determine v(a).
8
Let u(y) be the second derivative of -y**7/2520 + y**5/120 + 7*y**4/4 - 10*y. Let n(g) be the third derivative of u(g). What is n(-2)?
-3
Let w(p) = -p**2 + 2*p - 4. Let l be -7*(48/7)/(-4). Let t(f) = f - 15. Let j be t(l). Give w(j).
-19
Let p(u) be the third derivative of -1/60*u**5 + 2*u**2 + 0 + 0*u - 2/3*u**3 - 1/6*u**4. Suppose -3*d = -5*d - 8. Give p(d).
-4
Let n(v) = -2*v + 11. Let j(f) = 2*f**2 - 31*f + 49. Let w be j(14). Give n(w).
-3
Suppose -4*c + 2*k + 28 = -22, 5*k - 5 = 0. Let r(s) = -26*s + c*s - 2 + 16*s. Calculate r(3).
7
Let a = -10 + 49. Suppose -3 + a = 6*x. Let g(o) = -o + 2. Determine g(x).
-4
Let y(v) = 32 + 15*v - 2*v - 5*v - 4*v. What is y(-9)?
-4
Let h(x) be the first derivative of 5/2*x**2 + 3 + 1/4*x**4 - 7/3*x**3 + 7*x. Determine h(5).
-18
Let f(r) = -57*r - 400. Let u be f(-7). Let o(h) = 2*h**3 - 2*h - 1. Give o(u).
-1
Let x(a) = 7*a + 3. Let p(f) = 8*f + 28. Let s(m) = 3*m + 9. Let q(j) = -5*p(j) + 16*s(j). Let v(u) = -2*q(u) + 3*x(u). Determine v(-1).
-4
Let i(w) = -30*w**3 + 9*w**2 - 9*w. Let b(a) = 7*a**3 - 2*a**2 + 2*a. Let d(v) = 9*b(v) + 2*i(v). Suppose 3*g + 1 = -2. Determine d(g).
-3
Let m(z) be the first derivative of -z**3/3 + z**2 - 4*z - 22. Give m(3).
-7
Let t(q) = q**2 - 2*q - 4. Let y(i) = 8*i - 138. Let m be y(17). Determine t(m).
4
Let j(v) = v**3 - 6*v**2 + 3*v + 12. Suppose -28*y = -36*y + 40. Calculate j(y).
2
Let q(r) = -7*r - 16. Let g(u) = -12*u - 32. Let a(d) = -3*g(d) + 5*q(d). Calculate a(-9).
7
Let k(a) = -7 + 78*a**2 + a**3 + 4 - 35*a**2 - 38*a**2. Give k(-4).
13
Let m(d) be the third derivative of 0 - 5/24*d**4 - 1/180*d**6 + 0*d + 0*d**3 + 1/120*d**5 - 4*d**2. Let o(c) be the second derivative of m(c). Determine o(2).
-7
Let l(q) = q**2 - q - 5. Let z(d) = 56*d**2 + 2*d + 19. Let n(o) = -4*l(o) - z(o). Give n(-1).
-61
Let z(u) = -10*u - 4 + 14*u**2 + 1 - 15*u**2 + 15*u. Determine z(2).
3
Let g(x) = x + 8. Suppose 0 = -2*b + b + 2*h + 5, 0 = -4*b - 4*h + 8. Suppose b*u + 11 = 47. Let y = -12 + u. Determine g(y).
8
Let w(z) = -4*z - 1. Let n be 19/4*-13 - (-7)/(-28). Let m = 59 + n. What is w(m)?
11
Let z = -25 + 36. Let j(q) = -q**3 + 16 - 496*q**2 - q + 508*q**2 - 5 - q - 10*q. Give j(z).
0
Let i(m) = 0*m - 4*m - 2*m. Suppose 0 = -2*l - 3*v + 2, -5*v = -3*l + 16 + 25. Suppose l = -2*y + 9. Calculate i(y).
-6
Let q(t) = -t**2 - 7*t - t**2 - t - t**3 - 7 - 6*t**2. Suppose -2*i + i = 7. Calculate q(i).
0
Let u(w) = -w**3 + 6*w**2 - 2. Let f be (0/(1 + -5))/1. Suppose -4*b - b + 25 = f. Suppose 2*q - 24 = -4*g + 4, 26 = b*g - 2*q. Determine u(g).
-2
Let a(q) = -3*q + 5 - q**2 - 3*q**2 + 2*q + 4 - 5. Give a(3).
-35
Let c(a) = -2*a + 279 + 267 - 546 + a**2. Calculate c(2).
0
Let x(l) = -l**2 - 5*l + 3. Let n(v) = v**2 - 8*v. Let q be n(8). Suppose q = 5*k + 48 - 18. What is x(k)?
-3
Let q(u) = -u - 2. Suppose -13 = j - 8. Give q(j).
3
Let i be (-1538)/26 - (-8)/(-52)*-1. Let z = 60 + i. Let q(c) be the first derivative of 2*c**2 + c - 1. Give q(z).
5
Let d(o) = 2*o**2 - 11*o + 11. Let h(t) = 3*t**2 - 16*t + 21. Let r(c) = -5*d(c) + 3*h(c). Give r(6).
14
Let f(g) be the second derivative of -g**5/20 - g**4/6 + g**2/2 - 5*g. Let u be f(1). Let p(x) = -5*x + 1. Let q(d) = 1. Let j(n) = p(n) - q(n). Calculate j(u).
10
Let f(k) be the first derivative of -k**4/4 - 2*k**3/3 + k**2 + 4*k + 305. Let w be -2*(-1 + (-5)/(-2)). Calculate f(w).
7
Let d(o) = -o. Let i(y) = 7*y - 3. Suppose 2*h = -3*h + 15. Let b(a) = 6*a - 4. Let t(z) = h*i(z) - 4*b(z). Let v be t(4). Give d(v).
5
Let k(d) = 5*d**2. Let r(q) be the first derivative of -q**3/3 - 5*q**2/2 + 7*q - 9. Let z be r(-5). Suppose 3*u - z*u + 4 = 0. Determine k(u).
5
Let o(y) = -104*y - 1. Let s(a) = -293*a - 3. Let u(d) = -11*o(d) + 4*s(d). Determine u(-1).
27
Let w(k) = k**3 - 4*k**2 + 4*k - 2. Let g be ((-8)/28)/((-1)/7). Let d be w(g). Let h(o) = -o**2 - o + 1. Give h(d).
-1
Let u(v) = -v**2 + 6*v - 4. Let q(i) = -i**2 + 5*i - 4. Let p(c) = -3*q(c) + 4*u(c). Determine p(10).
-14
Let a = -11 + 16. Suppose o - 6 = -p - 2*o, -4*p - a*o + 24 = 0. Let d(h) = 2*h - 9. What is d(p)?
3
Let b(g) be the second derivative of 1/4*g**4 + 0 + 1/20*g**5 - 4/3*g**3 - 4*g - 3/2*g**2. Let q(y) = y - 11. Let s be q(6). Give b(s).
-13
Let c(h) = 15*h + 61. Let l be c(-4). Let j = 8 + -5. Let d(o) = -3*o - 12*o**2 - o + j*o. Give d(l).
-13
Suppose 1520 = 15*j + 5*j. Let u = j + -86. Let f(c) = -c - 11. Calculate f(u).
-1
Suppose -k + 4*a - 6 = 0, -3 = k - a - 2*a. Let q be 8/(-28) + (-48)/(-21). Let b(g) = 8*g + k - 5*g**q - g**3 - 5 + 6 + 2. Calculate b(-6).
-3
Let w(f) = 2*f**3 + 2*f**2 - 3*f - 3. Let a(q) = -q. Let g(t) = -2*t - 1. Let u(h) = 5*a(h) - 2*g(h). Let k = 126 + -122. Let o be u(k). Calculate w(o).
-5
Let d = 13 - -37. Suppose -5*o = 5*i - d, 5*i = 5*o - 31 + 1. Let l(k) = -o*k + 17*k - 11*k. Determine l(3).
-6
Let s(i) = -42*i**3 - 4 - 4*i**2 + 105*i**3 - 32*i**3 - 32*i**3 + 4*i. Determine s(-5).
1
Let w be (-5 - 0)*1 - 0. Let t be (-7)/w + 8/(-20). Let x(f) be the third derivative of 5*f**4/24 + 3*f**2. Give x(t).
5
Let m(q) be the second derivative of -3*q**5/2 - q**4/12 + q**2/2 - 38*q. Calculate m(1).
-30
Let j(v) = -v**3 - v**2 + 2*v. Let m(a) be the first derivative of a**4/4 + 10*a**3/3 - 2*a - 13. Let d = -35 + 25. Let c be m(d). What is j(c)?
0
Let w(r) = -5*r - 1. Let d(v) = 5*v. Let x(h) = 2*d(h) + 3*w(h). Calculate x(-7).
32
Let w(f) = -3*f**2 - 2*f + 4. Suppose 0 = -3*d - 2*d - 20, 3*j = d + 10. Let y(q) = -q**2 - q + 1. Let c(n) = j*y(n) - w(n). Determine c(4).
14
Let r(d) = -7*d + 9 - d**3 + 2*d**3 - 2 + 6*d**2. Suppose -74*x = 567 - 49. Calculate r(x).
7
Let h(k) = 2*k + 2. Let b = -13 - -18. Suppose 7*f - b*f + 20 = 0. Let t = -7 - f. Calculate h(t).
8
Let h(f) = -2*f**2 - f. Let a(k) = k**2 - 13*k - 16. Let i be a(15). Suppose 2*w + 4*r = -14, 2*w + i = -5*r - 4. Give h(w).
-3
Let j(o) = -22*o + 4. Let m(v) = -4*v + 1. Let z(f) = -j(f) + 3*m(f). Calculate z(1).
9
Let y(x) be the first derivative of -5*x**2/2 + x + 12. Determine y(-5).
26
Let l(c) = 11 - 3*c + 6 + 21 + 2*c - 20. Calculate l(18).
0
Let f be 212/18 - (-28)/126. Suppose -5*o + f = -43. Let j = -14 + o. Let r(g) = g - 2. Determine r(j).
-5
Let b(a) = -a + 7. Suppose -4*z + 1 = -3*s - 6, s = 3*z - 9. Suppose 0 = 2*m - s*r, 4*m - 2*r = -6*r + 40. What is b(m)?
1
Let d(h) = 3*h - 1126*h**2 - h + 1125*h**2. Give d(7).
-35
Let b(w) = w**3 + 6*w**2 - 6*w + 6. Suppose 0 = -2*f + f - 17. Let q = f - -18. Suppose -3*h - 20 - q = 0. Calculate b(h).
-1
Suppose 0 = -0*t + 3*t + 15. Let l(u) = 51*u - 9*u + 1 - 43*u. Determine l(t).
6
Let b(k) = -k**2 - 8*k - 12. Let o be b(-6). Suppose v - 4*v + 3 = 0. Let m(i) = i - 2*i + 5 - v. Give m(o).
4
Let j(x) = -x**3 + 8*x**2 + 10. Let z(m) = 3*m**2 - 5*m + 6. Let i be z(2). Give j(i).
10
Let k(i) be the second derivative of i**4/12 - 3*i**3/2 + i**2/2 - 352*i. Determine k(7).
-13
Let i(n) = -4*n**3 - 3*n**2 - 3*n + 4. Let u(o) = -o**3 + o**2 + o - 1. Let v(t) = -i(t) - 3*u(t). What is v(-1)?
-8
Let w be (216/162)/((-2)/(-12)) + 13. Let v(n) = n - 59. Give v(w).
-38
Let j(x) = x. Let n(f) = f**2 - 8*f - 35. Let y be n(10). Let w be ((-18)/y)/((-1)/(-5)). Calculate j(w).
6
Let v(b) = -22*b**2 + 194*b - 150. Let w be v(8). Let j(p) be the first derivative of 1 + 1/2*p**2 + 7*p. Calculate j(w).
1
Let g be (72/90)/((-8)/60). Let w(f) = 9*f + 10. Calculate w(g).
-44
Let j = 0 + 5. Let r be 11/(-4) - -3 - 42/8. Let n(a) = a**3 + 5*a**2 - 2*a + 6. Let p(s) = -3*s**3 - 10*s**2 + 5*s - 12. Let x(b) = r*n(b) - 2*p(b). Give x(j).
-6
Let v(s) = -3*s + 2*s + 5 + 0*s + 1. Let f = -4 + 6. Let t = f + -2. What is v(t)?
6
Suppose j - 49*w = -45*w, 4 = -4*w. Let f(b) be the third derivative of b**5/60 + 5*b**4/24 - b**3/2 + 2*b**2. Calculate f(